87
Calculate the remainder when 9978359 is divided by 24.
23
What is the remainder when 2145678 is divided by 824?
806
Calculate the remainder when 18449578 is divided by 77.
70
What is the remainder when 394587 is divided by 78823?
472
Calculate the remainder when 354048767 is divided by 256.
255
Calculate the remainder when 4053147 is divided by 38.
29
Calculate the remainder when 101350611 is divided by 3913.
3911
Calculate the remainder when 119459 is divided by 5688.
11
Calculate the remainder when 4026619 is divided by 749.
744
Calculate the remainder when 2468543 is divided by 87.
5
Calculate the remainder when 4115084 is divided by 104.
12
Calculate the remainder when 166898 is divided by 676.
602
What is the remainder when 252826 is divided by 349?
150
What is the remainder when 94721946 is divided by 23680485?
6
Calculate the remainder when 3875576 is divided by 64.
56
Calculate the remainder when 16548994 is divided by 241.
6
What is the remainder when 10033014 is divided by 125?
14
Calculate the remainder when 183478 is divided by 13.
9
What is the remainder when 10904 is divided by 529?
324
What is the remainder when 1662159 is divided by 23?
18
What is the remainder when 1519402 is divided by 148?
34
Calculate the remainder when 464834587 is divided by 111.
109
Calculate the remainder when 35243 is divided by 44.
43
What is the remainder when 3468170 is divided by 4235?
3940
Calculate the remainder when 1224646 is divided by 122435.
296
Calculate the remainder when 103283 is divided by 6447.
131
Calculate the remainder when 1806586 is divided by 5.
1
Calculate the remainder when 10643555 is divided by 5321725.
105
Calculate the remainder when 2187477 is divided by 494.
45
What is the remainder when 12328630 is divided by 165?
160
Calculate the remainder when 3067096 is divided by 82894.
18
What is the remainder when 31946355 is divided by 491?
422
What is the remainder when 382215 is divided by 752?
199
What is the remainder when 1869809 is divided by 62?
13
What is the remainder when 192440 is divided by 3563?
38
What is the remainder when 2039452 is divided by 10622?
28
Calculate the remainder when 7135691 is divided by 32288.
43
What is the remainder when 37894 is divided by 12442?
568
Calculate the remainder when 983422 is divided by 327757.
151
Calculate the remainder when 9439789 is divided by 1692.
121
Calculate the remainder when 2308945 is divided by 7238.
23
What is the remainder when 13877 is divided by 13874?
3
Calculate the remainder when 1117688 is divided by 12280.
208
What is the remainder when 56618516 is divided by 361?
359
What is the remainder when 2416906 is divided by 203?
191
Calculate the remainder when 315296818 is divided by 7332484.
6
What is the remainder when 4234565 is divided by 604936?
13
Calculate the remainder when 1525120 is divided by 541.
41
Calculate the remainder when 6872469 is divided by 24.
21
What is the remainder when 66212 is divided by 1542?
1448
What is the remainder when 9746947 is divided by 38?
23
Calculate the remainder when 2062538 is divided by 4946.
56
What is the remainder when 23150 is divided by 10992?
1166
Calculate the remainder when 71374 is divided by 1500.
874
Calculate the remainder when 1508 is divided by 120.
68
What is the remainder when 12749238 is divided by 40?
38
What is the remainder when 385435 is divided by 1215?
280
Calculate the remainder when 541671 is divided by 6005.
1221
Calculate the remainder when 223842 is divided by 4878.
4332
What is the remainder when 329708836 is divided by 32?
4
Calculate the remainder when 348851 is divided by 116223.
182
Calculate the remainder when 50440 is divided by 417.
400
What is the remainder when 27458376 is divided by 155?
126
Calculate the remainder when 935251 is divided by 155865.
61
What is the remainder when 17047778 is divided by 92?
86
What is the remainder when 14599991 is divided by 174?
173
What is the remainder when 494691 is divided by 7852?
15
Calculate the remainder when 2111245 is divided by 1062.
1051
What is the remainder when 22390684 is divided by 1700?
1684
Calculate the remainder when 340222 is divided by 770.
652
Calculate the remainder when 600488 is divided by 600371.
117
What is the remainder when 22934412 is divided by 487966?
10
Calculate the remainder when 1489579 is divided by 87620.
39
Calculate the remainder when 25834 is divided by 1302.
1096
What is the remainder when 33808 is divided by 5?
3
Calculate the remainder when 53782782 is divided by 1647.
1644
Calculate the remainder when 9198839 is divided by 33329.
35
Calculate the remainder when 6909883 is divided by 329041.
22
What is the remainder when 80830494 is divided by 40415240?
14
What is the remainder when 3171839 is divided by 1795?
74
What is the remainder when 212527 is divided by 920?
7
What is the remainder when 8168984 is divided by 135?
134
What is the remainder when 318690 is divided by 1992?
1962
Calculate the remainder when 29192272 is divided by 12486.
4
What is the remainder when 3176820 is divided by 99273?
84
Calculate the remainder when 225191984 is divided by 107.
105
What is the remainder when 54775140 is divided by 39?
30
Calculate the remainder when 462175 is divided by 5413.
2070
Calculate the remainder when 2711098 is divided by 61.
14
Calculate the remainder when 138837 is divided by 138734.
103
What is the remainder when 8872 is divided by 8569?
303
Calculate the remainder when 897643179 is divided by 11012.
11011
What is the remainder when 84382 is divided by 10014?
4270
What is the remainder when 93527970 is divided by 231?
228
What is the remainder when 4687162 is divided by 257?
253
What is the remainder when 12589141 is divided by 676?
669
Calculate the remainder when 29728 is divided by 2688.
160
What is the remainder when 237322 is divided by 548?
38
Calculate the remainder when 13334 is divided by 2663.
19
What is the remainder when 6170152 is divided by 133?
16
What is the remainder when 1034654 is divided by 92?
22
Calculate the remainder when 118734 is divided by 38424.
3462
What is the remainder when 134956538 is divided by 26991306?
8
What is the remainder when 31577370 is divided by 246?
72
Calculate the remainder when 967122 is divided by 483507.
108
What is the remainder when 3755979 is divided by 1981?
3
What is the remainder when 745401 is divided by 10352?
57
Calculate the remainder when 138991 is divided by 1450.
1241
Calculate the remainder when 50154462 is divided by 5097.
5079
Calculate the remainder when 200369 is divided by 1261.
1131
Calculate the remainder when 681466 is divided by 149.
89
Calculate the remainder when 14128 is divided by 3486.
184
What is the remainder when 78431 is divided by 7463?
3801
What is the remainder when 3021 is divided by 553?
256
What is the remainder when 46170 is divided by 1056?
762
What is the remainder when 14688 is divided by 1258?
850
What is the remainder when 29102669 is divided by 13574?
13
Calculate the remainder when 6634467 is divided by 57.
9
Calculate the remainder when 20804 is divided by 1482.
56
Calculate the remainder when 68797655 is divided by 7644183.
8
What is the remainder when 2343040 is divided by 340?
100
Calculate the remainder when 47066 is divided by 7781.
380
Calculate the remainder when 1522565 is divided by 169.
44
Calculate the remainder when 385379 is divided by 2188.
291
What is the remainder when 480312 is divided by 41?
38
Calculate the remainder when 1596124 is divided by 1814.
1618
What is the remainder when 398668 is divided by 667?
469
Calculate the remainder when 1860039 is divided by 9069.
894
What is the remainder when 828793 is divided by 413009?
2775
What is the remainder when 23536537 is divided by 222041?
191
What is the remainder when 48793989 is divided by 405?
399
What is the remainder when 50074 is divided by 61?
54
Calculate the remainder when 74209 is divided by 119.
72
Calculate the remainder when 15727031 is divided by 18656.
23
Calculate the remainder when 711059794 is divided by 3636.
3634
Calculate the remainder when 341641 is divided by 72.
1
What is the remainder when 10891158 is divided by 160164?
6
What is the remainder when 14895 is divided by 14889?
6
What is the remainder when 84